?
5, 29, 10499
What are the prime factors of 1617104500?
2, 5, 11, 26729
What are the prime factors of 20471131?
263, 277, 281
List the prime factors of 179778504.
2, 3, 7490771
List the prime factors of 3354886.
2, 1677443
List the prime factors of 250699128.
2, 3, 47, 109, 2039
List the prime factors of 817931755.
5, 41, 103, 38737
List the prime factors of 154704655.
5, 7, 677, 6529
List the prime factors of 368043129.
3, 19, 31, 23143
List the prime factors of 86827006.
2, 7, 6201929
List the prime factors of 614573517.
3, 157, 8311
List the prime factors of 570809670.
2, 3, 5, 1123, 16943
List the prime factors of 1833092988.
2, 3, 152757749
List the prime factors of 363890436.
2, 3, 7, 13, 333233
What are the prime factors of 822751589?
11, 4733, 15803
List the prime factors of 48322911.
3, 7, 13, 177007
List the prime factors of 2376341.
11, 349, 619
What are the prime factors of 2437883746?
2, 163, 193, 38747
What are the prime factors of 1314237616?
2, 41, 2003411
What are the prime factors of 50277470?
2, 5, 67, 75041
List the prime factors of 61891640.
2, 5, 191, 8101
What are the prime factors of 84546476?
2, 7, 1237, 2441
List the prime factors of 41150233.
563, 73091
List the prime factors of 98097022.
2, 3863, 12697
What are the prime factors of 82865412?
2, 3, 7, 17, 23, 29
What are the prime factors of 58461064?
2, 7307633
What are the prime factors of 152718214?
2, 11, 31, 20357
What are the prime factors of 17445402?
2, 3, 13, 24851
List the prime factors of 262647186.
2, 3, 47, 641, 1453
List the prime factors of 1057490497.
7, 151070071
List the prime factors of 148196970.
2, 3, 5, 1646633
What are the prime factors of 2345179474?
2, 11, 106599067
List the prime factors of 7872697.
7, 41, 27431
List the prime factors of 161409847.
161409847
List the prime factors of 142534225.
5, 53, 97, 1109
List the prime factors of 9114271.
9114271
What are the prime factors of 2071956811?
349, 17011
List the prime factors of 148784017.
17, 59, 148339
What are the prime factors of 876708643?
239, 1151, 3187
What are the prime factors of 1230972199?
1230972199
What are the prime factors of 193991818?
2, 181, 331, 1619
List the prime factors of 74927626.
2, 431, 86923
List the prime factors of 96910085.
5, 19382017
List the prime factors of 2981980888.
2, 7879, 47309
List the prime factors of 139943229.
3, 83, 562021
List the prime factors of 52551266.
2, 26275633
What are the prime factors of 31663567?
13, 1399, 1741
List the prime factors of 77027425.
5, 17, 19, 9539
What are the prime factors of 184315647?
3, 6037, 10177
List the prime factors of 2343817068.
2, 3, 71, 2750959
List the prime factors of 86903781.
3, 4673, 6199
List the prime factors of 4120911413.
63611, 64783
List the prime factors of 595497086.
2, 297748543
List the prime factors of 212673119.
113, 1882063
What are the prime factors of 57759651?
3, 6417739
What are the prime factors of 3259960?
2, 5, 11, 31, 239
List the prime factors of 287901312.
2, 3, 239, 3137
List the prime factors of 12504662.
2, 71, 107, 823
What are the prime factors of 8614479159?
3, 11, 13, 6693457
List the prime factors of 384031616.
2, 71, 42257
What are the prime factors of 748011225?
3, 5, 13, 463, 1657
List the prime factors of 78393752.
2, 23, 67, 6359
What are the prime factors of 3201320001?
3, 11, 971, 99907
List the prime factors of 10747481.
313, 34337
What are the prime factors of 584332406?
2, 7, 149, 280121
List the prime factors of 88493533.
67, 1320799
List the prime factors of 1733763625.
5, 11, 79, 1451
List the prime factors of 2433241.
43, 71, 797
What are the prime factors of 127063016?
2, 97, 163741
List the prime factors of 47750776.
2, 241, 24767
What are the prime factors of 1908545939?
1908545939
What are the prime factors of 123881206?
2, 463, 133781
What are the prime factors of 421301085?
3, 5, 4153, 6763
List the prime factors of 55682043.
3, 18560681
What are the prime factors of 370695938?
2, 59, 3141491
List the prime factors of 158860129.
37, 116041
List the prime factors of 27806476.
2, 29, 239711
What are the prime factors of 49060565?
5, 19, 59, 8753
List the prime factors of 93852943.
2677, 35059
What are the prime factors of 263823324?
2, 3, 29, 163, 4651
List the prime factors of 2004412788.
2, 3, 7, 89, 89371
What are the prime factors of 5159202495?
3, 5, 343946833
What are the prime factors of 200328126?
2, 3, 199, 167779
What are the prime factors of 497078370?
2, 3, 5, 337, 607
What are the prime factors of 2788501565?
5, 113, 419, 11779
What are the prime factors of 1138328591?
661, 1722131
List the prime factors of 1693358065.
5, 7, 47, 619, 1663
What are the prime factors of 121661129?
17, 53, 135029
List the prime factors of 612697670.
2, 5, 13, 181, 2003
List the prime factors of 15456278.
2, 7728139
What are the prime factors of 34767609?
3, 317, 36559
What are the prime factors of 2129492890?
2, 5, 7, 337, 90271
List the prime factors of 4999383543.
3, 7, 11, 179, 120907
List the prime factors of 144158514.
2, 3, 24026419
List the prime factors of 3382955887.
3382955887
What are the prime factors of 447417774?
2, 3, 89, 367, 761
List the prime factors of 302473030.
2, 5, 2003, 15101
List the prime factors of 106696183.
11, 9699653
What are the prime factors of 1050957794?
2, 569, 923513
What are the prime factors of 21878261?
4021, 5441
What are the prime factors of 2453196984?
2, 3, 7, 61, 239383
List the prime factors of 413043356.
2, 11, 17, 19, 29063
What are the prime factors of 171825641?
13, 59, 3797
What are the prime factors of 5226654316?
2, 13, 5813, 17291
What are the prime factors of 74335248?
2, 3, 13, 39709
What are the prime factors of 2390948057?
173, 13820509
What are the prime factors of 3635456454?
2, 3, 7, 53, 59, 9227
What are the prime factors of 19607268?
2, 3, 1633939
List the prime factors of 19605936.
2, 3, 7, 23, 43, 59
List the prime factors of 2388773287.
2388773287
List the prime factors of 153405696.
2, 3, 19, 10513
List the prime factors of 36119817.
3, 19, 181, 389
List the prime factors of 5014673227.
89, 829, 67967
What are the prime factors of 107552880?
2, 3, 5, 17, 29, 101
List the prime factors of 4951296974.
2, 13, 401, 474899
What are the prime factors of 7126105?
5, 7, 97, 2099
What are the prime factors of 1825078118?
2, 6917, 131927
What are the prime factors of 1264403275?
5, 50576131
List the prime factors of 331463998.
2, 431, 563, 683
List the prime factors of 4352605966.
2, 19937, 109159
List the prime factors of 2234598859.
2234598859
List the prime factors of 33722095.
5, 11, 139, 401
What are the prime factors of 1575559814?
2, 199, 359, 11027
What are the prime factors of 9341469?
3, 1037941
What are the prime factors of 417078954?
2, 3, 23171053
What are the prime factors of 375832058?
2, 7, 3835021
What are the prime factors of 1278421287?
3, 11, 13, 41, 5591
What are the prime factors of 682151865?
3, 5, 45476791
List the prime factors of 91882395.
3, 5, 11, 185621
List the prime factors of 120858320.
2, 5, 11, 137339
List the prime factors of 10923437.
7, 59, 26449
List the prime factors of 278920299.
3, 7, 31, 97, 631
List the prime factors of 1539296047.
10273, 149839
What are the prime factors of 914513907?
3, 304837969
What are the prime factors of 869273090?
2, 5, 7, 127, 277, 353
What are the prime factors of 426953176?
2, 13, 4105319
What are the prime factors of 70526247?
3, 11, 2137159
What are the prime factors of 132060934?
2, 101, 173, 3779
List the prime factors of 982012750.
2, 5, 563, 6977
What are the prime factors of 200866285?
5, 107, 375451
What are the prime factors of 1957801801?
1013, 1932677
What are the prime factors of 53813161?
53813161
List the prime factors of 10425798.
2, 3, 653, 887
List the prime factors of 83562875.
5, 11, 60773
List the prime factors of 996287454.
2, 3, 41, 67, 20149
List the prime factors of 109221577.
5683, 19219
What are the prime factors of 155994200?
2, 5, 779971
List the prime factors of 10102028.
2, 2525507
List the prime factors of 229033878.
2, 3, 97, 4057
What are the prime factors of 910700482?
2, 47, 229, 42307
List the prime factors of 128671400.
2, 5, 11, 13, 409
What are the prime factors of 1140916442?
2, 570458221